6)/(-8). Calculate x(v).
5
Let y be 2*(-3)/6 + -3. Let h = -3 + 5. Let u(v) = -4 + v - h*v + 0*v. Determine u(y).
0
Let d be (1 - -11)*(-3)/6. Let j = -11 - d. Let g(i) = 2*i + 6. What is g(j)?
-4
Let a(v) be the third derivative of v**5/60 + 7*v**4/24 - v**3/2 - 26*v**2. Give a(-7).
-3
Let c(f) = -4*f + 6. Let p(z) = -z**2 - 13*z - 16. Let d be p(-11). Calculate c(d).
-18
Suppose -3*f = -8*f + 30. Let i(c) be the second derivative of c**4/12 - 7*c**3/6 + 3*c**2 - c. What is i(f)?
0
Let u be ((-15)/(-10))/(6/8). Let q(w) be the second derivative of 0 + 1/3*w**3 - 2*w - w**u. Give q(5).
8
Let w(g) = g**3 + 10. Let j be 2/(-3) - (-8)/12. Determine w(j).
10
Let l be ((2 - 3) + 0)*0. Let h(v) be the second derivative of v**2 + l + 2*v - 1/6*v**3. What is h(2)?
0
Let a(i) = -i**2 - 2*i + 16. Let u(g) = g**2 + 2*g - 14. Let o(k) = -5*a(k) - 6*u(k). Determine o(-6).
-20
Let z(s) = -3*s**2 - 4*s - 1. Let r(f) = 12*f**2 + 16*f + 3. Let k(o) = 2*r(o) + 9*z(o). Let m = 23 - 41. Let g = m + 16. Give k(g).
-7
Let d = -5 + 7. Let h(o) = -d - 4*o + 1 + o. Determine h(-2).
5
Let x(i) = -i. Let d be x(-3). Let j be (d + -2 + 1)*2. Let w(f) = -2*f + 2. Let v(c) = -2*c + 3. Let l(b) = 4*v(b) - 3*w(b). Determine l(j).
-2
Let d(r) = 7*r**3 - 7*r**2 - 16*r. Let l(i) = 3*i**3 - 4*i**2 - 8*i. Let c(a) = -2*d(a) + 5*l(a). Give c(7).
-7
Let k(y) = -4*y**3 + 5*y**3 - 17 + 2*y + 26 + 6*y**2. Suppose 0*u + 4*u - 2*h + 14 = 0, 0 = 3*u - 4*h - 2. Determine k(u).
-3
Let q(l) = l + 7. Let u be (-21)/4 + (-3)/4. Give q(u).
1
Let j = 2 + 1. Let u(s) = -3 + 4*s - 2*s + s**2 - 4*s. Calculate u(j).
0
Let m(n) = -7*n + 3. Let a(u) = u**3 - 2*u**2 - u + 4. Suppose -4*f - 10 = -9*f. Let v be a(f). Give m(v).
-11
Let x(m) = -m + 4. Suppose d = -3 - 1. Give x(d).
8
Let n(d) be the third derivative of 7*d**6/120 + d**3/6 + 31*d**2. Let c(x) = x**2 - 5*x - 1. Let i be c(5). Determine n(i).
-6
Let r(u) be the second derivative of u**5/120 + u**4/24 - u**3/3 + 6*u. Let p(o) be the second derivative of r(o). What is p(-6)?
-5
Suppose 5*f = 4*f + 3. Let i(y) be the third derivative of y**6/120 - y**5/20 + y**4/12 - y**3/6 + 6*y**2. Calculate i(f).
5
Suppose -3*j = -5*x + 15, -j - j - 5*x = 10. Let h(c) = c**2 + 6*c + 3. Let o be h(j). Let a(u) be the first derivative of u**4/4 + u**3/3 + 2*u + 2. Give a(o).
-2
Let l(h) = 2*h + 1 + 3*h - 2*h. What is l(-1)?
-2
Let q = 2 + 1. Let w(b) = q*b**3 - 1 - 4*b**3 + 9. Calculate w(0).
8
Suppose -k = 4*q + q + 11, 5*k = -q + 17. Let w(o) = 3*o - 3. What is w(k)?
9
Let k(y) = y - 1. Suppose -2*d - 14 = 5*j - 4, 0 = 4*j + 3*d + 15. Calculate k(j).
-1
Let x(y) = -y**2 + 5*y - 5. Let l(t) = -t**2 + 6*t - 5. Let q(f) = -5*l(f) + 6*x(f). Suppose 4*n + 3 + 9 = 0. Let c = n - -3. Determine q(c).
-5
Suppose -4*n = 3*u + 12, -3*u = 7*n - 2*n + 18. Let b(m) = m**3 + 5*m**2 - 7*m + 1. Give b(n).
7
Let u(b) = 1 - 4*b - b**2 + 0 + 2*b. Let z = 7 + -10. What is u(z)?
-2
Let a(k) = 2*k**3 + 2*k**3 - 5*k**3. Let d(l) = l**3 - 3*l**2 - 3*l - 1. Let i be d(4). Let p be -2*(-1 - i/(-2)). What is a(p)?
1
Let m = -5 + -1. Let l(x) = -2*x - 8. Give l(m).
4
Let s(y) be the first derivative of -3*y**2/2 + y - 6. Let k = 16 - 19. Give s(k).
10
Let o(y) = -y**3 + 3*y**2 + 3*y - 4. Let c = 36 - -62. Let i be 28/c - 52/(-14). Calculate o(i).
-8
Let u(j) = j - 2. Let c be ((-1050)/27)/5 - (-12)/(-54). Calculate u(c).
-10
Let a(c) = 3*c + 1. Suppose -9 = -5*d + 2*d. Suppose -m - 2*m = d. What is a(m)?
-2
Let d = 12 - 19. Let f(i) = 2*i**3 - i**2 - 3*i + 7. Let g(b) = b**3 - b**2 - 2*b + 4. Let o(j) = d*g(j) + 4*f(j). Give o(-3).
-6
Let r(y) = y**3 + 4*y**2 - 4*y + 6. Let k be r(-5). Let i(m) = -3*m + 2. Let w(b) = 2*b - 1. Let s(d) = 3*i(d) + 4*w(d). Determine s(k).
1
Let i(j) = j + 1. Let x(r) = r**3 - 5*r**2 - r + 1. Let b be x(5). Determine i(b).
-3
Let w(f) = f**2 - 4*f - 8. Suppose -12 = 8*k - 10*k. Determine w(k).
4
Let b(s) be the second derivative of 0*s**2 + 1/2*s**3 + 0 + 2*s. Suppose 4*o - 2*o - 2 = 0. What is b(o)?
3
Let t be ((-2)/(-3))/((-2)/(-18)). Let h(c) = -c**3 + 7*c**2 - 5*c - 1. Let i be h(t). Let x(j) = -j**3 + 6*j**2 - 7*j + 5. What is x(i)?
-5
Let z(w) = w**2 + 6*w + 8. Suppose -4*c - 2 - 2 = -4*d, 4*d + 8 = 2*c. Calculate z(c).
8
Suppose -3 = 5*j - q + 1, 4*q - 16 = -j. Let m(y) be the third derivative of y**5/60 - 2*y**3/3 + y**2. Calculate m(j).
-4
Let t = 11 - 27. Suppose 0 = 2*v - 1 - 21. Let c = v + t. Let a(p) = p**3 + 5*p**2 - p - 5. Give a(c).
0
Let r(w) be the first derivative of 5*w**2/2 + w + 8. Determine r(-1).
-4
Let d(l) = l**3 - 3*l**2 + 3*l - 1. Let j be d(2). Let h = 4 - j. Let v be (-1 - -2) + h + -7. Let f(t) = -t**2 - 3*t + 4. What is f(v)?
4
Let f(l) = l**3 + 10*l**2 + 8*l - 11. Let b = -41 - -32. What is f(b)?
-2
Let w = -19 - -19. Let y(p) be the second derivative of -1/20*p**5 + 0*p**4 - 1/6*p**3 + 5/2*p**2 + p + 0. Determine y(w).
5
Let u(p) = p**2 - 1. Let b(h) = -5*h**2 - 3*h + 4. Let s(k) = b(k) + 6*u(k). Determine s(3).
-2
Let c(m) = -2*m - 1. Let b(z) = 10 - 7 + 3*z - 12. Let t be b(4). What is c(t)?
-7
Let c(m) be the first derivative of -m**4/4 + m**3 + m**2/2 + 4*m + 34. Give c(4).
-8
Let n(b) = 3*b**3 - 7*b**2 + 16*b - 6. Let z(h) = -5*h + 3*h**2 + 1 - h**3 - 6*h**2 + 1 + 5*h**2. Let a(w) = 2*n(w) + 7*z(w). Determine a(2).
-12
Let y be ((-1)/(-1))/(3/(-6)). Let a(p) = -p**3 - 3*p**2 - 3*p - 3. What is a(y)?
-1
Suppose -1 = o - 2*o. Let j(b) = -13*b**2 - 5*b + 5. Let a(d) be the first derivative of 20*d**3/3 + 4*d**2 - 8*d + 3. Let f(c) = -5*a(c) - 8*j(c). Give f(o).
4
Let r(w) be the third derivative of w**5/60 + 7*w**4/24 - w**3/3 + 16*w**2. Calculate r(-8).
6
Let t(d) = -5*d**3 - 4*d**2 - 4*d + 8. Let p(s) = 4*s**3 + 5*s**2 + 5*s - 8. Let x(y) = -4*p(y) - 3*t(y). What is x(-7)?
15
Let v(o) = 2*o - 6*o + 6*o**2 - o**3 + 4 + 1 + o. Determine v(6).
-13
Suppose -2*c = -c + 4. Let n(s) = s**2 + 0*s**2 + 2*s + 8 - 7 + 4*s. Give n(c).
-7
Let w(x) = 9*x**2 - x - 1. Suppose -3*q = -5*s - 6 + 29, 2*s - 10 = 2*q. Give w(q).
9
Suppose 11 = 3*q - g, 2*q - 3 = -q - 3*g. Let w = 19 - 11. Let b = q - w. Let s(t) = -t**3 - 5*t**2 - 2*t - 7. What is s(b)?
3
Let c(u) = u**3 - 5*u**2 - 10*u - 1. Let z(g) = -g**2 - 5*g - 4. Let x be z(-5). Let l(p) = p**3 - 5*p**2 - 9*p - 2. Let b(s) = x*c(s) + 5*l(s). Calculate b(6).
0
Let u(a) = -2*a + 6. Let o(r) = -r + 1. Let f(x) = 5*o(x) - u(x). Calculate f(-1).
2
Let p = -31 - -44. Let t(y) = 3 - 36*y**2 - p*y**3 + 36*y**2 + y - 2. What is t(-1)?
13
Let k = 29 - 25. Let t(a) = -a**3 + 4*a**2 + a. What is t(k)?
4
Let n(k) be the first derivative of k**2 - 2*k + 17. What is n(-5)?
-12
Let y(m) = -m**2 + 6*m + 3. Let i be y(6). Suppose -j - i + 4 = q, 4*j - 14 = q. Let d(k) = k**2 - 2*k - 4. What is d(j)?
-1
Suppose p = 4*p. Let g(h) = 0*h + 4*h - 3*h - 1. Calculate g(p).
-1
Let p(c) = 3*c**3 + 4*c + 2*c**3 - 6*c**2 + 4 + 0 - 4*c**3. Let k(s) = -3*s - 3. Let v be k(-6). Suppose -b = 2*b - v. What is p(b)?
-1
Let x(h) = h**3 + 3*h**2 - 2*h + 5. Let y be 196/21*(-3)/2. Let p = y + 10. Calculate x(p).
-3
Suppose -2*p - 3*y - 13 = 0, 5*y + 4 = -3*p - 18. Let k(m) = -8*m**3 + 2*m**2 - 2*m + 1. Calculate k(p).
-7
Suppose 4*y - 16 = -2*g, -y + 0 = -4*g + 5. Let w(t) = t + 1. What is w(y)?
4
Let v(d) = -20*d - 5. Let q(h) = -19*h - 4. Let y(o) = -5*q(o) + 4*v(o). Calculate y(1).
15
Suppose m - 1 = 5. Let z(u) = -u**2 + 7*u - 7. Give z(m).
-1
Let l(a) = 2*a**2 - 1. Let c = 32 - 9. Suppose 0*o - o = -2*j - 8, o = 5*j + c. Calculate l(o).
7
Suppose 0 = -3*i + 4 + 8. Let w(q) = 1 + 0 - 15*q + 16*q - 3. Give w(i).
2
Let h(n) be the third derivative of -n**5/60 - n**4/24 + 3*n**3/2 - 15*n**2. Calculate h(0).
9
Let j(g) = -g**3 + 8*g**2 - 2*g + 4. Let s(a) = a**2 - a. Let b(p) = j(p) - s(p). Give b(7).
-3
Let s(u) = u**3 + 4*u**2 + u - 3. Let j be s(-3). Suppose j*c + 2*c - 20 = 0. Let z(v) = v**3 - 5*v**2 + 4*v - 2. Give z(c).
-2
Let m be (3 - 5) + 0 + -2. Let y(z) be the third derivative of -z**4/12 - z**3/6 - 4*z**2. Calculate y(m).
7
Let f(z) = z**3 + 6*z**2 + 4. Suppose 5*j - 1 = -2*u + 4*u, 2*j = 10. Suppose 3*s - s = -u. Determine f(s).
4
Let m(h) be the first derivative of h**3/3 - h - 1. Suppose 2*i - 2 = -8. Determine m(i).
8
Let u(l) = l + 1. Let o(y) = -y - 4. Let x be o(-6). Suppose -x*n - 9 = n. What i